7?
50647
List the prime factors of 447.
3, 149
List the prime factors of 954.
2, 3, 53
What are the prime factors of 4037?
11, 367
What are the prime factors of 960?
2, 3, 5
What are the prime factors of 6606?
2, 3, 367
List the prime factors of 71.
71
What are the prime factors of 69594?
2, 3, 7, 1657
List the prime factors of 1216.
2, 19
List the prime factors of 136954.
2, 68477
What are the prime factors of 5234?
2, 2617
List the prime factors of 45430.
2, 5, 7, 11, 59
List the prime factors of 4400.
2, 5, 11
What are the prime factors of 39?
3, 13
List the prime factors of 3056.
2, 191
List the prime factors of 112253.
112253
List the prime factors of 120769.
11, 10979
What are the prime factors of 64?
2
List the prime factors of 52331.
43, 1217
What are the prime factors of 2717?
11, 13, 19
List the prime factors of 11.
11
What are the prime factors of 28047?
3, 9349
List the prime factors of 97768.
2, 11, 101
List the prime factors of 4345.
5, 11, 79
What are the prime factors of 4937?
4937
List the prime factors of 2317.
7, 331
List the prime factors of 61282.
2, 13, 2357
What are the prime factors of 14484?
2, 3, 17, 71
What are the prime factors of 4304?
2, 269
What are the prime factors of 6897?
3, 11, 19
What are the prime factors of 48034?
2, 7, 47, 73
What are the prime factors of 46232?
2, 5779
What are the prime factors of 125281?
13, 23, 419
List the prime factors of 3084.
2, 3, 257
What are the prime factors of 2142?
2, 3, 7, 17
What are the prime factors of 1414?
2, 7, 101
What are the prime factors of 8832?
2, 3, 23
List the prime factors of 353.
353
List the prime factors of 3137.
3137
What are the prime factors of 25761?
3, 31, 277
What are the prime factors of 3481?
59
What are the prime factors of 513?
3, 19
List the prime factors of 4945.
5, 23, 43
What are the prime factors of 93595?
5, 18719
What are the prime factors of 3750?
2, 3, 5
List the prime factors of 67475.
5, 2699
What are the prime factors of 604?
2, 151
List the prime factors of 3290.
2, 5, 7, 47
What are the prime factors of 1729?
7, 13, 19
What are the prime factors of 46668?
2, 3, 3889
List the prime factors of 1565.
5, 313
What are the prime factors of 7922?
2, 17, 233
What are the prime factors of 18115?
5, 3623
List the prime factors of 2230.
2, 5, 223
What are the prime factors of 32114?
2, 16057
List the prime factors of 122906.
2, 7, 8779
What are the prime factors of 46692?
2, 3, 1297
List the prime factors of 53243.
37, 1439
List the prime factors of 241.
241
What are the prime factors of 417?
3, 139
What are the prime factors of 4140?
2, 3, 5, 23
What are the prime factors of 4331?
61, 71
List the prime factors of 475.
5, 19
What are the prime factors of 663?
3, 13, 17
What are the prime factors of 497?
7, 71
List the prime factors of 37141.
13, 2857
List the prime factors of 93649.
71, 1319
List the prime factors of 3975.
3, 5, 53
What are the prime factors of 134776?
2, 17, 991
List the prime factors of 799.
17, 47
List the prime factors of 394.
2, 197
What are the prime factors of 147365?
5, 29473
What are the prime factors of 23439?
3, 13, 601
List the prime factors of 529.
23
List the prime factors of 17545.
5, 11, 29
What are the prime factors of 757?
757
List the prime factors of 8222.
2, 4111
List the prime factors of 757.
757
What are the prime factors of 1591?
37, 43
List the prime factors of 10512.
2, 3, 73
List the prime factors of 1440.
2, 3, 5
What are the prime factors of 1793?
11, 163
List the prime factors of 2324.
2, 7, 83
What are the prime factors of 47497?
47497
What are the prime factors of 41203?
41203
List the prime factors of 923.
13, 71
List the prime factors of 54148.
2, 13537
List the prime factors of 1123.
1123
What are the prime factors of 3211?
13, 19
What are the prime factors of 911?
911
List the prime factors of 43823.
13, 3371
List the prime factors of 53831.
53831
List the prime factors of 9894.
2, 3, 17, 97
What are the prime factors of 2665?
5, 13, 41
What are the prime factors of 45996?
2, 3, 3833
What are the prime factors of 483?
3, 7, 23
List the prime factors of 2597.
7, 53
List the prime factors of 1059.
3, 353
List the prime factors of 2419.
41, 59
What are the prime factors of 1867?
1867
List the prime factors of 2529.
3, 281
List the prime factors of 6643.
7, 13, 73
What are the prime factors of 4216?
2, 17, 31
What are the prime factors of 45886?
2, 22943
What are the prime factors of 13969?
61, 229
What are the prime factors of 1308?
2, 3, 109
What are the prime factors of 89950?
2, 5, 7, 257
What are the prime factors of 12124?
2, 7, 433
List the prime factors of 19170.
2, 3, 5, 71
List the prime factors of 8688.
2, 3, 181
List the prime factors of 728.
2, 7, 13
What are the prime factors of 1073?
29, 37
List the prime factors of 6844.
2, 29, 59
What are the prime factors of 9184?
2, 7, 41
What are the prime factors of 382?
2, 191
What are the prime factors of 20653?
19, 1087
What are the prime factors of 39741?
3, 13, 1019
List the prime factors of 1147.
31, 37
List the prime factors of 25858.
2, 7, 1847
What are the prime factors of 4385?
5, 877
What are the prime factors of 780?
2, 3, 5, 13
List the prime factors of 1064.
2, 7, 19
List the prime factors of 2486.
2, 11, 113
What are the prime factors of 4917?
3, 11, 149
List the prime factors of 130078.
2, 13, 5003
List the prime factors of 1115.
5, 223
List the prime factors of 11144.
2, 7, 199
List the prime factors of 36037.
36037
What are the prime factors of 10446?
2, 3, 1741
List the prime factors of 415.
5, 83
List the prime factors of 5252.
2, 13, 101
What are the prime factors of 3426?
2, 3, 571
What are the prime factors of 711?
3, 79
List the prime factors of 1303.
1303
List the prime factors of 11461.
73, 157
What are the prime factors of 2465?
5, 17, 29
What are the prime factors of 2558?
2, 1279
What are the prime factors of 13906?
2, 17, 409
What are the prime factors of 7796?
2, 1949
What are the prime factors of 949?
13, 73
List the prime factors of 53270.
2, 5, 7, 761
What are the prime factors of 42713?
11, 353
What are the prime factors of 1024?
2
List the prime factors of 9840.
2, 3, 5, 41
What are the prime factors of 1331?
11
What are the prime factors of 1577?
19, 83
What are the prime factors of 3444?
2, 3, 7, 41
What are the prime factors of 200?
2, 5
List the prime factors of 15257.
11, 19, 73
What are the prime factors of 44204?
2, 43, 257
List the prime factors of 2141.
2141
List the prime factors of 61092.
2, 3, 1697
What are the prime factors of 489?
3, 163
What are the prime factors of 935?
5, 11, 17
List the prime factors of 2306.
2, 1153
What are the prime factors of 3439?
19, 181
What are the prime factors of 2061?
3, 229
List the prime factors of 1400.
2, 5, 7
List the prime factors of 9947.
7, 29
What are the prime factors of 1681?
41
What are the prime factors of 1985?
5, 397
List the prime factors of 30170.
2, 5, 7, 431
List the prime factors of 171943.
139, 1237
What are the prime factors of 21?
3, 7
List the prime factors of 90232.
2, 11279
List the prime factors of 1599.
3, 13, 41
What are the prime factors of 4642?
2, 11, 211
List the prime factors of 4682.
2, 2341
List the prime factors of 3425.
5, 137
List the prime factors of 57.
3, 19
What are the prime factors of 29388?
2, 3, 31, 79
List the prime factors of 1055.
5, 211
What are the prime factors of 6130?
2, 5, 613
List the prime factors of 123823.
7, 19
What are the prime factors of 31837?
13, 31, 79
List the prime factors of 21433.
21433
List the prime factors of 57921.
3, 43, 449
What are the prime factors of 47624?
2, 5953
List the prime factors of 18891.
3, 2099
What are the prime factors of 8739?
3, 971
List the prime factors of 5656.
2, 7, 101
List the prime factors of 2877.
3, 7, 137
List the prime factors of 35370.
2, 3, 5, 131
What are the prime factors of 18513?
3, 11, 17
What are the prime factors of 142697?
142697
What are the prime factors of 9629?
9629
What are the prime factors of 25898?
2, 23, 563
List the prime factors of 6406.
2, 3203
What are the prime factors of 101190?
2, 3, 5, 3373
What are the prime factors of 19380?
2, 3, 5, 17, 19
List the prime factors of 29191.
29191
What are the prime factors of 5204?
2, 1301
